2996843 is divided by 61.
59
What is the remainder when 62443909 is divided by 12883?
8
What is the remainder when 2018629 is divided by 802?
797
What is the remainder when 14537 is divided by 3586?
193
Calculate the remainder when 5262 is divided by 1437.
951
Calculate the remainder when 247733109 is divided by 1.
0
What is the remainder when 486259 is divided by 3283?
375
Calculate the remainder when 64072415 is divided by 12.
11
Calculate the remainder when 9027795 is divided by 78.
75
What is the remainder when 55449947 is divided by 2520451?
25
Calculate the remainder when 83775 is divided by 21.
6
Calculate the remainder when 3089804 is divided by 14438.
72
What is the remainder when 17645272 is divided by 46?
40
What is the remainder when 75087 is divided by 12166?
2091
Calculate the remainder when 32137431 is divided by 544702.
13
Calculate the remainder when 73929 is divided by 382.
203
Calculate the remainder when 6657114 is divided by 3736.
3298
Calculate the remainder when 741486094 is divided by 247.
245
Calculate the remainder when 12421 is divided by 3847.
880
What is the remainder when 18369816 is divided by 111?
93
What is the remainder when 1472010 is divided by 1319?
6
What is the remainder when 75903 is divided by 6952?
6383
What is the remainder when 5692735 is divided by 366?
337
What is the remainder when 1611717 is divided by 4296?
717
Calculate the remainder when 806349 is divided by 5448.
45
Calculate the remainder when 55839 is divided by 2431.
2357
Calculate the remainder when 17073 is divided by 1313.
4
What is the remainder when 70809 is divided by 17300?
1609
What is the remainder when 2963356 is divided by 86?
54
What is the remainder when 28495107 is divided by 290?
287
What is the remainder when 74474 is divided by 24635?
569
Calculate the remainder when 97315963 is divided by 96.
91
What is the remainder when 2232784 is divided by 10581?
193
What is the remainder when 788152 is divided by 60?
52
Calculate the remainder when 150581 is divided by 1570.
1431
Calculate the remainder when 2780045 is divided by 695008.
13
Calculate the remainder when 939724 is divided by 1179.
61
Calculate the remainder when 14304600 is divided by 352.
24
What is the remainder when 2369379 is divided by 7?
5
What is the remainder when 214900 is divided by 371?
91
What is the remainder when 22232354 is divided by 5480?
5474
What is the remainder when 3052937 is divided by 27?
20
What is the remainder when 50178523 is divided by 493?
490
Calculate the remainder when 72326 is divided by 1113.
1094
What is the remainder when 579228 is divided by 1147?
1140
What is the remainder when 322508 is divided by 31?
15
Calculate the remainder when 69601 is divided by 69499.
102
Calculate the remainder when 1643890 is divided by 3348.
22
Calculate the remainder when 24886994 is divided by 49.
41
Calculate the remainder when 706654 is divided by 440.
14
Calculate the remainder when 559080 is divided by 441.
333
Calculate the remainder when 348370 is divided by 13646.
7220
Calculate the remainder when 85336 is divided by 354.
22
Calculate the remainder when 932339 is divided by 466116.
107
What is the remainder when 20443 is divided by 6812?
7
What is the remainder when 2248168 is divided by 1675?
318
Calculate the remainder when 1249106 is divided by 174.
134
What is the remainder when 16988563 is divided by 377523?
28
What is the remainder when 1250241 is divided by 249481?
2836
What is the remainder when 6314060 is divided by 1686?
1676
Calculate the remainder when 580636 is divided by 213.
211
Calculate the remainder when 4259944 is divided by 1930.
434
Calculate the remainder when 292805 is divided by 77.
51
What is the remainder when 24570 is divided by 4834?
400
Calculate the remainder when 133120 is divided by 99.
64
What is the remainder when 903011 is divided by 71?
33
What is the remainder when 3340794 is divided by 3012?
486
Calculate the remainder when 9844197 is divided by 1018.
137
Calculate the remainder when 658794 is divided by 335.
184
Calculate the remainder when 4201303 is divided by 2100578.
147
What is the remainder when 2194265 is divided by 3522?
59
What is the remainder when 8664746 is divided by 811?
22
What is the remainder when 3237358 is divided by 420?
418
What is the remainder when 251117 is divided by 24?
5
Calculate the remainder when 414275221 is divided by 11.
8
Calculate the remainder when 7033 is divided by 6907.
126
What is the remainder when 1924571 is divided by 60?
11
What is the remainder when 2879606 is divided by 875?
856
What is the remainder when 25625392 is divided by 6406347?
4
Calculate the remainder when 234518 is divided by 19504.
470
Calculate the remainder when 85529 is divided by 7022.
1265
What is the remainder when 571888 is divided by 2211?
1450
What is the remainder when 245185 is divided by 81710?
55
What is the remainder when 850699 is divided by 2041?
1643
What is the remainder when 637491 is divided by 91070?
1
Calculate the remainder when 3323225 is divided by 2311.
7
Calculate the remainder when 301399 is divided by 14343.
196
What is the remainder when 7102379 is divided by 731?
714
Calculate the remainder when 702449 is divided by 91.
20
Calculate the remainder when 625846 is divided by 625813.
33
Calculate the remainder when 12099 is divided by 18.
3
Calculate the remainder when 4824843 is divided by 25.
18
What is the remainder when 18434997 is divided by 11?
9
Calculate the remainder when 4032793 is divided by 2047.
203
What is the remainder when 3582297 is divided by 45926?
69
Calculate the remainder when 292154 is divided by 1447.
1307
Calculate the remainder when 69579044 is divided by 4348690.
4
What is the remainder when 53125893 is divided by 812?
793
Calculate the remainder when 368683 is divided by 378.
133
What is the remainder when 24068 is divided by 5880?
548
What is the remainder when 23951934 is divided by 185?
169
Calculate the remainder when 631829 is divided by 377.
354
What is the remainder when 1851360 is divided by 3397?
3392
What is the remainder when 26621304 is divided by 1478960?
24
Calculate the remainder when 7835109 is divided by 70.
9
What is the remainder when 1859596 is divided by 619853?
37
What is the remainder when 503531 is divided by 1124?
1103
What is the remainder when 6038 is divided by 323?
224
Calculate the remainder when 50926 is divided by 50510.
416
What is the remainder when 11109150 is divided by 2635?
2625
What is the remainder when 7085747 is divided by 7381?
7368
Calculate the remainder when 7378810 is divided by 3689374.
62
What is the remainder when 8195811 is divided by 945?
771
Calculate the remainder when 475936 is divided by 95170.
86
What is the remainder when 2290035 is divided by 822?
765
Calculate the remainder when 2222813 is divided by 2656.
2397
What is the remainder when 39406 is divided by 19679?
48
What is the remainder when 381913 is divided by 21?
7
Calculate the remainder when 95852569 is divided by 18.
13
What is the remainder when 778358301 is divided by 71?
69
Calculate the remainder when 6822569 is divided by 9.
2
Calculate the remainder when 7469991 is divided by 609.
606
Calculate the remainder when 197163 is divided by 2856.
99
Calculate the remainder when 102811 is divided by 33805.
1396
Calculate the remainder when 166050 is divided by 399.
66
Calculate the remainder when 3938924 is divided by 29.
28
What is the remainder when 506427 is divided by 126578?
115
What is the remainder when 6547758 is divided by 6547730?
28
What is the remainder when 300148 is divided by 98978?
3214
What is the remainder when 4888201 is divided by 1222040?
41
What is the remainder when 450978 is divided by 592?
466
Calculate the remainder when 30165 is divided by 9901.
462
What is the remainder when 89931 is divided by 1870?
171
Calculate the remainder when 1805284 is divided by 45.
19
Calculate the remainder when 280260 is divided by 20483.
13981
What is the remainder when 160373 is divided by 835?
53
Calculate the remainder when 18630950 is divided by 1164433.
22
What is the remainder when 1367082 is divided by 341742?
114
What is the remainder when 619742 is divided by 61969?
52
Calculate the remainder when 108665 is 